3 + 29*o**2 + 8*o - 555. Give j(-28).
5
Let b(j) = 4*j**2 + 43*j - 1843. Calculate b(-29).
274
Let u(s) = s**2 - 6760*s - 67741. Give u(-10).
-41
Let g(l) = -15*l**2 + 298*l - 371. Give g(19).
-124
Let b(u) = 5*u**2 + 918*u + 1483. What is b(-182)?
27
Let j(p) = p**2 - 77*p + 543. What is j(67)?
-127
Let j(i) = -i**3 + 29*i**2 + 509*i - 7841. Calculate j(37).
40
Let k(g) = -5*g**3 - 262*g**2 - 2907*g - 62. What is k(-16)?
-142
Let r(i) = 1294*i - 262690. Give r(203).
-8
Let t(y) = y**2 - 462*y - 65098. Calculate t(-113).
-123
Let b(a) = a**3 - 38*a**2 - 170*a + 575. Calculate b(-6).
11
Let g(k) = 3*k**2 + 203*k - 24169. Determine g(-130).
141
Let g(q) = -5*q**2 - 3628*q + 7231. Calculate g(2).
-45
Let q(p) = 11447*p - 15533582. What is q(1357)?
-3
Let b(n) = 2*n**2 - 3686*n + 62103. What is b(17)?
19
Let f(w) = 92752*w - 3988308. Give f(43).
28
Let o(h) = -341*h + 117403. Determine o(345).
-242
Let f(u) = -1287*u + 380967. Determine f(296).
15
Let t(i) = -i**2 + 243*i + 12620. Give t(-44).
-8
Let p(j) = -659*j + 147985. Determine p(226).
-949
Let p(u) = 2*u**3 - u**2 - 557*u - 270. Give p(-16).
194
Let v(q) = -q**2 - 34636*q + 2951288. Determine v(85).
3
Let u(t) = 885*t - 11714. Determine u(13).
-209
Let x(n) = 2*n**2 - 377*n - 7113. Give x(-17).
-126
Let p(a) = 43278*a - 85857. Calculate p(2).
699
Let b(a) = -964*a - 302689. Give b(-314).
7
Let q(a) = -1344*a**2 + 116938*a - 848. Determine q(87).
22
Let l(m) = -7388*m + 206765. Calculate l(28).
-99
Let v(h) = -4*h**3 - 1430*h**2 - 26361*h + 1014. Calculate v(-338).
0
Let t(l) = 12299*l - 43820. Calculate t(4).
5376
Let g(v) = 4*v**3 - 167*v**2 + 837*v - 22271. Give g(40).
9
Let r(a) = 6*a**3 - 15671*a**2 + 13071*a - 41784. Determine r(2611).
-8
Let a(k) = -5403*k + 17736. What is a(3)?
1527
Let w(m) = 3661*m - 21733. What is w(6)?
233
Let d(y) = 890*y + 17562. Determine d(-17).
2432
Let p(u) = -243*u + 16226. Give p(68).
-298
Let d(x) = 5274*x + 68405. Calculate d(-13).
-157
Let h(v) = 3*v**3 - 13*v**2 - 46*v + 11. Determine h(-6).
-829
Let g(k) = 123550*k - 123265. Determine g(1).
285
Let f(d) = 4*d**2 + 164*d + 149. Give f(-41).
149
Let q(y) = -2*y**3 + 69*y**2 - 105*y - 2193. Determine q(32).
-433
Let m(u) = -u**2 + 274*u - 2671. Calculate m(264).
-31
Let d(f) = -f**2 - 510535*f + 1531606. Calculate d(3).
-8
Let o(y) = -524*y - 2177. Give o(-4).
-81
Let z(s) = -14206*s + 27559635. Give z(1940).
-5
Let g(k) = -3*k**3 - 323*k**2 - 530*k - 127. Give g(-106).
-127
Let x(u) = -13*u**2 + 394*u - 924. Give x(28).
-84
Let d(p) = -7*p**2 + 318*p + 667. Calculate d(-2).
3
Let r(n) = 116170*n - 24744221. What is r(213)?
-11
Let d(l) = l**2 + 7*l + 19. Determine d(12).
247
Let d(k) = -7*k**2 + 1003*k - 10193. What is d(11)?
-7
Let x(m) = -25*m**2 + 1992*m + 15922. Calculate x(87).
1
Let g(w) = 9*w**3 - 37*w**2 + 37*w - 82. Calculate g(5).
303
Let d(q) = q**2 - 13532*q - 379668. Give d(-28).
12
Let v(b) = 764*b**2 - 13188*b + 3397. Determine v(17).
-3
Let f(o) = -o**3 - 19*o**2 + 140*o - 35. What is f(-25)?
215
Let r(l) = -2*l**2 - 264*l - 2638. Give r(-11).
24
Let y(z) = 2*z**2 + 353*z + 15556. What is y(-92)?
8
Let a(s) = -1998*s + 47976. Calculate a(24).
24
Let t(r) = -3736*r - 235392. What is t(-63)?
-24
Let z(h) = 11*h**2 - 288*h + 865. What is z(23)?
60
Let g(f) = 93*f + 2588. What is g(-32)?
-388
Let p(t) = -12*t**2 - 220*t + 8. Give p(-18).
80
Let a(q) = q**3 - 53*q**2 + 185*q + 507. What is a(49)?
-32
Let o(s) = -165*s**2 + 3619*s + 64. Give o(22).
-178
Let c(o) = 103032*o + 824273. Calculate c(-8).
17
Let d(t) = -3*t**3 + 38*t**2 + 333*t - 4280. What is d(12)?
4
Let v(o) = -o**3 + 111*o**2 - 9*o + 1005. What is v(111)?
6
Let x(o) = -o**2 + 43077*o - 1764483. Calculate x(41).
-7
Let b(k) = -k**3 - 399*k**2 - 70*k - 27935. Calculate b(-399).
-5
Let o(s) = -3*s**2 - 160*s + 3477. Calculate o(-70).
-23
Let r(c) = -c**3 + 88*c**2 - 781*c + 169. Determine r(78).
91
Let y(b) = -178*b**2 + 111786*b - 1242. Calculate y(628).
14
Let n(y) = 530373*y + 20684542. What is n(-39)?
-5
Let g(r) = -8441*r - 785004. Calculate g(-93).
9
Let v(p) = -1248*p + 138484. Determine v(111).
-44
Let s(f) = -5453*f**3 - 103609*f**2 - 35*f + 78. Calculate s(-19).
21
Let c(k) = -43662*k - 916914. Calculate c(-21).
-12
Let f(k) = 4*k**2 + 205*k + 1900. Give f(-39).
-11
Let f(v) = -39054*v + 9451080. Calculate f(242).
12
Let y(s) = 228*s - 1402. Give y(7).
194
Let x(c) = -1226*c + 160494. What is x(131)?
-112
Let o(c) = -96*c**2 - 252*c + 7078. Determine o(-10).
-2
Let i(q) = -2*q**3 - 669*q**2 - 20700*q + 45. Calculate i(-300).
45
Let t(x) = 4*x**2 + 691*x - 4288. Calculate t(6).
2
Let f(q) = 5117*q + 179482. Determine f(-35).
387
Let y(h) = 279*h**2 + 13356*h - 1731. Give y(-48).
-3
Let k(u) = -u**3 - 6*u**2 + 74*u - 29. Determine k(6).
-17
Let n(d) = 912*d + 5941. Calculate n(-7).
-443
Let d(x) = -723*x + 65798. Determine d(91).
5
Let v(g) = -3*g**3 - 18*g**2 + 268*g - 146. Determine v(-13).
-81
Let w(i) = -4016*i**2 + 96389*i - 10. Calculate w(24).
110
Let a(f) = -f**3 - 334*f**2 - 1431*f - 1292. Give a(-3).
22
Let r(s) = 4031*s + 40353. What is r(-10)?
43
Let q(z) = -18*z**3 + 785*z**2 + 313*z - 174. Give q(44).
46
Let k(h) = -50*h**2 - 4092*h + 21710. What is k(5)?
0
Let i(s) = 126*s + 6674. What is i(-60)?
-886
Let w(v) = 12*v**3 + 6*v**2 - 556*v - 3707. Give w(-7).
-3637
Let b(s) = -8890*s + 17118. What is b(2)?
-662
Let k(q) = 170*q**3 - 64*q**2 + 145*q - 45. Calculate k(2).
1349
Let w(n) = -n**2 + 2115*n - 176489. Calculate w(87).
-53
Let z(n) = -4632*n + 2302109. Determine z(497).
5
Let w(u) = 2471*u + 133686. Calculate w(-54).
252
Let p(f) = f**3 + 35*f**2 - 135*f + 48. Calculate p(-38).
846
Let x(c) = 2*c**3 - 366*c**2 - 4086*c + 747738. Determine x(183).
0
Let r(o) = o**3 - 19*o**2 - 396*o + 7561. What is r(19)?
37
Let g(r) = 2*r**2 + 475*r - 3063. Give g(-245).
612
Let n(d) = 9*d**3 + 23*d**2 - 58*d + 7. Give n(5).
1417
Let h(i) = 142838*i - 571362. Determine h(4).
-10
Let f(t) = -6211*t - 105583. Give f(-17).
4
Let s(f) = -f**2 + 39242*f + 313986. Give s(-8).
-14
Let x(m) = -6*m**3 - 384*m**2 + 18*m + 1245. Give x(-64).
93
Let m(n) = 2643*n + 92524. What is m(-35)?
19
Let x(r) = 1531756*r - 4595274. What is x(3)?
-6
Let h(l) = 558*l + 77783. Calculate h(-133).
3569
Let f(c) = c**3 - 66*c**2 - 113779*c + 7509412. What is f(66)?
-2
Let i(y) = 114*y**2 + 1142*y + 1044. What is i(-9)?
0
Let r(x) = -12*x**2 - 784*x - 5521. What is r(-8)?
-17
Let f(i) = -i**2 + 827*i + 15889. Determine f(-19).
-185
Let p(r) = -17*r**2 - 265*r + 2169. What is p(8)?
-1039
Let s(a) = a**2 - 65*a - 3348. Determine s(-35).
152
Let k(s) = 172*s - 7359. What is k(46)?
553
Let g(a) = 7*a**2 - 1012*a + 14404. Give g(16).
4
Let r(t) = 1525*t**3 - 2229*t**2 - 2227*t + 3. Determine r(-1).
-1524
Let j(a) = 16*a**2 - 170*a - 103. Give j(11).
-37
Let d(q) = 7359*q - 14261. Calculate d(2).
457
Let q(x) = -164*x**2 - 3094*x - 259. Calculate q(-19).
-677
Let d(b) = -b**3 + 57*b**2 + 120*b - 196. Calculate d(59).
-78
Let a(u) = -5502*u + 407056. Calculate a(74).
-92
Let m(b) = -784*b**2 - 1536*b + 1. Determine m(-2).
-63
Let a(j) = -7863*j - 998608. What is a(-127)?
-7
Let k(t) = 930*t + 29779. Calculate k(-32).
19
Let h(m) = 348*m - 27922. Give h(80).
-82
Let s(w) = -w**2 - 2687*w - 22. Determine s(0).
-22
Let p(k) = k**3 - 28*k**2 - 6765*k + 171001. What is p(25)?
1
Let d(q) = 4*q**2 - 2299*q + 13770. What is d(6)?
120
Let t(g) = -47*g + 12790. Give t(267).
241
Let b(h) = -220*h**2 - 22881*h + 17. Determine b(-104).
121
Let k(y) = -1265*y - 35355. Determine k(-28).
65
Let s(j) = -2*j**2 + 419*j - 21867. Give s(100).
33
Let i(l) = -2468*l + 172761. What is i(70)?
1
Let f(s) = s**3 - 480*s**2 + 14747*s + 1721. What is f(447)?
-67
Let h(d) = 53714*d**2 - 2470844*d - 9. What is h(46)?
-9
Let v(f) = 608*f + 168413. Calculate v(-277).
-3
Let w(o) = -53252*o + 372741. What is w(7)?
-23
Let k(y) = -y**3 - 33*y**2 - 179*y + 1178. Give k(-23).
5
Let d(l) = 54*l**2 + 366*l - 8. Give d(-6).
-260
Let c(f) = f**3 + 12*f**2 - 5139*f - 556. Determine c(66).
38
Let g(n) = -177248*n + 3367724. Determine g(19).
12
Let j(g) = -5*g**2 + 355*g + 371. What is j(-1)?
11
Let j(o) = 2*o**2 + 21253*o - 2622644. What is j(122)?
-10
Let l(u) = u**3 + 19*u**2 + 632*u - 121